{"id":2004,"date":"2022-02-17T13:03:37","date_gmt":"2022-02-17T12:03:37","guid":{"rendered":"https:\/\/beseronline.de\/home\/?page_id=2004"},"modified":"2022-09-30T13:07:46","modified_gmt":"2022-09-30T12:07:46","slug":"winterdienst","status":"publish","type":"page","link":"https:\/\/beseronline.de\/home\/winterdienst\/","title":{"rendered":"Winterdienst"},"content":{"rendered":"<p>[et_pb_section fb_built=&#8220;1&#8243; admin_label=&#8220;Header&#8220; module_id=&#8220;Solo_Voll&#8220; _builder_version=&#8220;4.16&#8243; _module_preset=&#8220;default&#8220; background_color=&#8220;#f3f7f0&#8243; background_enable_image=&#8220;off&#8220; background_position=&#8220;top_center&#8220; custom_padding=&#8220;||0px||false|false&#8220; locked=&#8220;off&#8220; global_colors_info=&#8220;{}&#8220;][et_pb_row _builder_version=&#8220;4.16&#8243; _module_preset=&#8220;default&#8220; global_colors_info=&#8220;{}&#8220;][et_pb_column type=&#8220;4_4&#8243; _builder_version=&#8220;4.16&#8243; _module_preset=&#8220;default&#8220; global_colors_info=&#8220;{}&#8220;][et_pb_text _builder_version=&#8220;4.16&#8243; _module_preset=&#8220;b0bf5418-994a-43d1-aef8-7d7c6764119d&#8220; header_font=&#8220;Tajawal|900|||||||&#8220; header_text_color=&#8220;#000000&#8243; header_font_size=&#8220;100px&#8220; custom_margin=&#8220;3px|||||&#8220; header_font_size_tablet=&#8220;50px&#8220; header_font_size_phone=&#8220;32px&#8220; header_font_size_last_edited=&#8220;on|phone&#8220; locked=&#8220;off&#8220; global_colors_info=&#8220;{}&#8220;]<\/p>\n<h1>Winterdienst<\/h1>\n<p>[\/et_pb_text][\/et_pb_column][\/et_pb_row][\/et_pb_section][et_pb_section fb_built=&#8220;1&#8243; admin_label=&#8220;About&#8220; _builder_version=&#8220;4.16&#8243; _module_preset=&#8220;default&#8220; background_color=&#8220;#f3f7f0&#8243; background_enable_image=&#8220;off&#8220; background_position=&#8220;top_center&#8220; locked=&#8220;off&#8220; global_colors_info=&#8220;{}&#8220;][et_pb_row column_structure=&#8220;1_2,1_2&#8243; _builder_version=&#8220;4.16&#8243; _module_preset=&#8220;default&#8220; global_colors_info=&#8220;{}&#8220;][et_pb_column type=&#8220;1_2&#8243; _builder_version=&#8220;4.16&#8243; _module_preset=&#8220;default&#8220; global_colors_info=&#8220;{}&#8220;][et_pb_text _builder_version=&#8220;4.16&#8243; _module_preset=&#8220;2e1ca0a8-a515-4ca3-8814-65eea4b82393&#8243; text_font=&#8220;||||||||&#8220; text_text_color=&#8220;#666666&#8243; text_font_size=&#8220;16px&#8220; text_line_height=&#8220;1.8em&#8220; link_font=&#8220;|700|||||||&#8220; link_text_color=&#8220;#71B100&#8243; text_font_size_tablet=&#8220;15px&#8220; text_font_size_phone=&#8220;14px&#8220; text_font_size_last_edited=&#8220;on|desktop&#8220; locked=&#8220;off&#8220; global_colors_info=&#8220;{}&#8220;]<\/p>\n<p>Wir bieten Ihnen zeitgem\u00e4\u00dfe Winterdienst-Tarife (pauschale oder einsatzgenaue Abrechnung). Sie legen fest, welches Modell zu Ihnen passt.<br \/>Unser erfahrenes und geschultes Team, unser leistungsstarker Maschinenpark, sowie ein modernes Wetterfr\u00fchwarnsystem mit Unterst\u00fctzung durch den Deutschen Wetterdienst gew\u00e4hrleisten einen Winterdienst, der die geforderten Winterdienstleistungen analog der regional g\u00fcltigen Stra\u00dfenreinigungssatzung und dar\u00fcber hinaus erf\u00fcllt.<br \/>Im Schadensfall sind sie abgesichert durch die Haftungs\u00fcbernahme.<br \/>Im Falle einer Reklamation erhalten Sie eine schnelle und pers\u00f6nliche Bearbeitung.<\/p>\n<p>[\/et_pb_text][et_pb_image src=&#8220;https:\/\/beseronline.de\/wp-content\/uploads\/2021\/10\/Winterstrasse-scaled.jpg&#8220; title_text=&#8220;Winterstra\u00dfe&#8220; _builder_version=&#8220;4.18.0&#8243; _module_preset=&#8220;default&#8220; width=&#8220;48%&#8220; custom_padding=&#8220;||0px|||&#8220; hover_transition_delay=&#8220;150ms&#8220; border_radii=&#8220;on|7px|7px|7px|7px&#8220; box_shadow_style=&#8220;preset1&#8243; global_colors_info=&#8220;{}&#8220; transform_styles__hover_enabled=&#8220;on|hover&#8220; transform_scale__hover_enabled=&#8220;on|hover&#8220; transform_translate__hover_enabled=&#8220;on|desktop&#8220; transform_rotate__hover_enabled=&#8220;on|desktop&#8220; transform_skew__hover_enabled=&#8220;on|desktop&#8220; transform_origin__hover_enabled=&#8220;on|desktop&#8220; transform_scale__hover=&#8220;109%|109%&#8220;][\/et_pb_image][\/et_pb_column][et_pb_column type=&#8220;1_2&#8243; _builder_version=&#8220;4.16&#8243; _module_preset=&#8220;default&#8220; global_colors_info=&#8220;{}&#8220;][et_pb_blurb title=&#8220;Schneer\u00e4umen&#8220; use_icon=&#8220;on&#8220; font_icon=&#8220;&#x3d;||divi||400&#8243; icon_color=&#8220;#71b100&#8243; icon_placement=&#8220;left&#8220; _builder_version=&#8220;4.16&#8243; _module_preset=&#8220;default&#8220; header_font=&#8220;Tajawal|700|||||||&#8220; body_line_height=&#8220;1em&#8220; link_option_url=&#8220;https:\/\/pthproducts.com\/pth-produkte\/pth-eco-crusher\/pth-eco-200-hd\/&#8220; header_font_size_tablet=&#8220;16px&#8220; header_font_size_phone=&#8220;16px&#8220; header_font_size_last_edited=&#8220;on|phone&#8220; global_colors_info=&#8220;{}&#8220;][\/et_pb_blurb][et_pb_blurb title=&#8220;Abstumpfen&#8220; use_icon=&#8220;on&#8220; font_icon=&#8220;&#x3d;||divi||400&#8243; icon_color=&#8220;#71b100&#8243; icon_placement=&#8220;left&#8220; _builder_version=&#8220;4.16&#8243; _module_preset=&#8220;default&#8220; header_font=&#8220;Tajawal|700|||||||&#8220; body_line_height=&#8220;1em&#8220; link_option_url=&#8220;https:\/\/pthproducts.com\/pth-produkte\/pth-eco-crusher\/pth-eco-200-hd\/&#8220; header_font_size_tablet=&#8220;16px&#8220; header_font_size_phone=&#8220;16px&#8220; header_font_size_last_edited=&#8220;on|phone&#8220; global_colors_info=&#8220;{}&#8220;][\/et_pb_blurb][et_pb_blurb title=&#8220;Zeitgem\u00e4\u00dfe Winterdienst-Tarife&#8220; use_icon=&#8220;on&#8220; font_icon=&#8220;&#x3d;||divi||400&#8243; icon_color=&#8220;#71b100&#8243; icon_placement=&#8220;left&#8220; _builder_version=&#8220;4.16&#8243; _module_preset=&#8220;default&#8220; header_font=&#8220;Tajawal|700|||||||&#8220; body_line_height=&#8220;1em&#8220; header_font_size_tablet=&#8220;16px&#8220; header_font_size_phone=&#8220;16px&#8220; header_font_size_last_edited=&#8220;on|phone&#8220; global_colors_info=&#8220;{}&#8220;][\/et_pb_blurb][et_pb_blurb title=&#8220;Modernes Wetterfr\u00fchwarnsystem&#8220; use_icon=&#8220;on&#8220; font_icon=&#8220;&#x3d;||divi||400&#8243; icon_color=&#8220;#71b100&#8243; icon_placement=&#8220;left&#8220; _builder_version=&#8220;4.16&#8243; _module_preset=&#8220;default&#8220; header_font=&#8220;Tajawal|700|||||||&#8220; body_line_height=&#8220;1em&#8220; header_font_size_tablet=&#8220;16px&#8220; header_font_size_phone=&#8220;16px&#8220; header_font_size_last_edited=&#8220;on|phone&#8220; global_colors_info=&#8220;{}&#8220;][\/et_pb_blurb][et_pb_blurb title=&#8220;Pers\u00f6nliche Beratung&#8220; use_icon=&#8220;on&#8220; font_icon=&#8220;&#x3d;||divi||400&#8243; icon_color=&#8220;#71b100&#8243; icon_placement=&#8220;left&#8220; _builder_version=&#8220;4.16&#8243; _module_preset=&#8220;default&#8220; header_font=&#8220;Tajawal|700|||||||&#8220; body_line_height=&#8220;1em&#8220; header_font_size_tablet=&#8220;16px&#8220; header_font_size_phone=&#8220;16px&#8220; header_font_size_last_edited=&#8220;on|phone&#8220; global_colors_info=&#8220;{}&#8220;][\/et_pb_blurb][\/et_pb_column][\/et_pb_row][\/et_pb_section][et_pb_section fb_built=&#8220;1&#8243; _builder_version=&#8220;4.16&#8243; _module_preset=&#8220;default&#8220; global_colors_info=&#8220;{}&#8220;][et_pb_row _builder_version=&#8220;4.16&#8243; _module_preset=&#8220;default&#8220; global_colors_info=&#8220;{}&#8220;][et_pb_column type=&#8220;4_4&#8243; _builder_version=&#8220;4.16&#8243; _module_preset=&#8220;default&#8220; global_colors_info=&#8220;{}&#8220;][et_pb_gallery gallery_ids=&#8220;2024,2027,2021,2019&#8243; gallery_orderby=&#8220;rand&#8220; fullwidth=&#8220;on&#8220; _builder_version=&#8220;4.18.0&#8243; _module_preset=&#8220;default&#8220; hover_transition_delay=&#8220;150ms&#8220; border_radii=&#8220;on|7px|7px|7px|7px&#8220; box_shadow_style=&#8220;preset1&#8243; global_colors_info=&#8220;{}&#8220; transform_styles__hover_enabled=&#8220;on|desktop&#8220; transform_scale__hover_enabled=&#8220;on|desktop&#8220; transform_translate__hover_enabled=&#8220;on|desktop&#8220; transform_rotate__hover_enabled=&#8220;on|desktop&#8220; transform_skew__hover_enabled=&#8220;on|desktop&#8220; transform_origin__hover_enabled=&#8220;on|desktop&#8220;][\/et_pb_gallery][\/et_pb_column][\/et_pb_row][et_pb_row _builder_version=&#8220;4.16&#8243; _module_preset=&#8220;default&#8220; global_colors_info=&#8220;{}&#8220;][et_pb_column type=&#8220;4_4&#8243; _builder_version=&#8220;4.16&#8243; _module_preset=&#8220;default&#8220; global_colors_info=&#8220;{}&#8220;][et_pb_gallery gallery_ids=&#8220;2024,2027,2023,2026,2025,2019,2021&#8243; gallery_orderby=&#8220;rand&#8220; orientation=&#8220;portrait&#8220; show_title_and_caption=&#8220;off&#8220; show_pagination=&#8220;off&#8220; _builder_version=&#8220;4.18.0&#8243; _module_preset=&#8220;default&#8220; hover_transition_delay=&#8220;150ms&#8220; border_radii_image=&#8220;on|7px|7px|7px|7px&#8220; box_shadow_style_image=&#8220;preset2&#8243; global_colors_info=&#8220;{}&#8220; transform_styles__hover_enabled=&#8220;on|hover&#8220; transform_scale__hover_enabled=&#8220;on|hover&#8220; transform_translate__hover_enabled=&#8220;on|desktop&#8220; transform_rotate__hover_enabled=&#8220;on|desktop&#8220; transform_skew__hover_enabled=&#8220;on|desktop&#8220; transform_origin__hover_enabled=&#8220;on|desktop&#8220; transform_scale__hover=&#8220;108%|108%&#8220;][\/et_pb_gallery][\/et_pb_column][\/et_pb_row][\/et_pb_section][et_pb_section fb_built=&#8220;1&#8243; admin_label=&#8220;Call to Action&#8220; _builder_version=&#8220;4.16&#8243; _module_preset=&#8220;default&#8220; background_color=&#8220;#f3f7f0&#8243; background_image=&#8220;https:\/\/beseronline.de\/wp-content\/uploads\/2021\/06\/landscape-maintenance-37-1.png&#8220; background_size=&#8220;contain&#8220; background_position=&#8220;bottom_center&#8220; z_index=&#8220;1&#8243; custom_padding=&#8220;||||false|false&#8220; global_colors_info=&#8220;{}&#8220;][et_pb_row column_structure=&#8220;2_3,1_3&#8243; custom_padding_last_edited=&#8220;on|phone&#8220; _builder_version=&#8220;4.18.0&#8243; _module_preset=&#8220;default&#8220; background_color=&#8220;#fe9638&#8243; custom_margin=&#8220;||-96px||false|false&#8220; custom_padding=&#8220;40px|40px|40px|40px|true|true&#8220; custom_padding_tablet=&#8220;|30px||30px|true|true&#8220; custom_padding_phone=&#8220;20px|20px|20px|20px|true|true&#8220; border_radii=&#8220;on|7px|7px|7px|7px&#8220; global_colors_info=&#8220;{}&#8220;][et_pb_column type=&#8220;2_3&#8243; _builder_version=&#8220;4.16&#8243; _module_preset=&#8220;default&#8220; global_colors_info=&#8220;{}&#8220;][et_pb_text _builder_version=&#8220;4.16&#8243; _module_preset=&#8220;c3c1179e-80e4-4396-b700-51b845e1c46f&#8220; header_2_font=&#8220;Tajawal|700|||||||&#8220; header_2_text_color=&#8220;gcid-87ce0c3f-2a7b-40dd-8a42-4148be75d651&#8243; header_2_font_size=&#8220;50px&#8220; header_2_font_size_tablet=&#8220;32px&#8220; header_2_font_size_phone=&#8220;20px&#8220; header_2_font_size_last_edited=&#8220;on|phone&#8220; global_colors_info=&#8220;{%22gcid-87ce0c3f-2a7b-40dd-8a42-4148be75d651%22:%91%93}&#8220;]<\/p>\n<h2 style=\"text-align: left;\">Anfrage stellen<\/h2>\n<p>[\/et_pb_text][\/et_pb_column][et_pb_column type=&#8220;1_3&#8243; _builder_version=&#8220;4.16&#8243; _module_preset=&#8220;default&#8220; custom_padding=&#8220;30px||||false|false&#8220; custom_padding_tablet=&#8220;0px||||false|false&#8220; custom_padding_phone=&#8220;&#8220; custom_padding_last_edited=&#8220;on|desktop&#8220; global_colors_info=&#8220;{}&#8220;][et_pb_button button_url=&#8220;https:\/\/beseronline.de\/home\/kontakt#Kontakt&#8220; button_text=&#8220;Kontakt&#8220; button_alignment=&#8220;right&#8220; button_alignment_tablet=&#8220;left&#8220; button_alignment_phone=&#8220;&#8220; button_alignment_last_edited=&#8220;on|phone&#8220; _builder_version=&#8220;4.18.0&#8243; _module_preset=&#8220;224f667b-3d04-4887-a283-1a6f5765318f&#8220; custom_button=&#8220;on&#8220; button_text_size=&#8220;12px&#8220; button_text_color=&#8220;#FFFFFF&#8220; button_bg_color=&#8220;#244435&#8243; button_border_width=&#8220;0px&#8220; button_border_radius=&#8220;7px&#8220; button_letter_spacing=&#8220;3px&#8220; button_font=&#8220;Tajawal|700||on|||||&#8220; custom_padding=&#8220;15px|30px|15px|30px|true|true&#8220; box_shadow_style=&#8220;preset3&#8243; box_shadow_vertical=&#8220;33px&#8220; box_shadow_blur=&#8220;40px&#8220; box_shadow_spread=&#8220;-10px&#8220; box_shadow_color=&#8220;rgba(0,0,0,0.2)&#8220; global_colors_info=&#8220;{}&#8220;][\/et_pb_button][\/et_pb_column][\/et_pb_row][\/et_pb_section][et_pb_section fb_built=&#8220;1&#8243; admin_label=&#8220;Footer&#8220; _builder_version=&#8220;4.16&#8243; _module_preset=&#8220;default&#8220; background_color=&#8220;#f3f7f0&#8243; use_background_color_gradient=&#8220;on&#8220; background_color_gradient_stops=&#8220;#244435 0%|rgba(36,68,53,0.44) 100%&#8220; background_color_gradient_overlays_image=&#8220;on&#8220; background_color_gradient_start=&#8220;#244435&#8243; background_color_gradient_end=&#8220;rgba(36,68,53,0.44)&#8220; background_image=&#8220;https:\/\/beseronline.de\/wp-content\/uploads\/2021\/06\/landscape-maintenance-38.jpg&#8220; background_repeat=&#8220;repeat&#8220; custom_margin=&#8220;||||false|false&#8220; custom_padding=&#8220;118px|||||&#8220; global_module=&#8220;1565&#8243; saved_tabs=&#8220;all&#8220; global_colors_info=&#8220;{}&#8220;][et_pb_row column_structure=&#8220;2_5,3_5&#8243; _builder_version=&#8220;4.16&#8243; _module_preset=&#8220;default&#8220; custom_padding=&#8220;5vw||||false|false&#8220; global_colors_info=&#8220;{}&#8220;][et_pb_column type=&#8220;2_5&#8243; _builder_version=&#8220;4.16&#8243; _module_preset=&#8220;default&#8220; global_colors_info=&#8220;{}&#8220;][et_pb_text _builder_version=&#8220;4.16&#8243; _module_preset=&#8220;9471635f-4d55-44f4-9c8c-d8b240ab9aca&#8220; header_font=&#8220;||||||||&#8220; header_3_font=&#8220;Tajawal|700||on|||||&#8220; header_3_text_color=&#8220;#FFFFFF&#8220; header_3_font_size=&#8220;30px&#8220; background_image=&#8220;https:\/\/beseronline.de\/wp-content\/uploads\/2021\/06\/Line-1.png&#8220; background_size=&#8220;initial&#8220; background_position=&#8220;top_left&#8220; custom_padding=&#8220;|||60px|false|false&#8220; header_3_font_size_tablet=&#8220;24px&#8220; header_3_font_size_phone=&#8220;18px&#8220; header_3_font_size_last_edited=&#8220;on|phone&#8220; global_colors_info=&#8220;{}&#8220; custom_padding__hover_enabled=&#8220;on|hover&#8220; custom_padding__hover=&#8220;|||64px|false|false&#8220;]<\/p>\n<h3><a href=\"#\">Ra<\/a><a href=\"#\">senpflege<\/a><\/h3>\n<p>[\/et_pb_text][et_pb_text _builder_version=&#8220;4.16&#8243; _module_preset=&#8220;9471635f-4d55-44f4-9c8c-d8b240ab9aca&#8220; header_font=&#8220;||||||||&#8220; header_3_font=&#8220;Tajawal|700||on|||||&#8220; header_3_text_color=&#8220;#FFFFFF&#8220; header_3_font_size=&#8220;30px&#8220; background_image=&#8220;https:\/\/beseronline.de\/wp-content\/uploads\/2021\/06\/Line-1.png&#8220; background_size=&#8220;initial&#8220; background_position=&#8220;top_left&#8220; custom_padding=&#8220;|||60px|false|false&#8220; header_3_font_size_tablet=&#8220;24px&#8220; header_3_font_size_phone=&#8220;18px&#8220; header_3_font_size_last_edited=&#8220;on|phone&#8220; global_colors_info=&#8220;{}&#8220; custom_padding__hover=&#8220;|||64px|false|false&#8220; custom_padding__hover_enabled=&#8220;on|desktop&#8220;]<\/p>\n<h3><a href=\"#\">Unkrautbek\u00e4mpfung<\/a><\/h3>\n<p>[\/et_pb_text][et_pb_text _builder_version=&#8220;4.16&#8243; _module_preset=&#8220;9471635f-4d55-44f4-9c8c-d8b240ab9aca&#8220; header_font=&#8220;||||||||&#8220; header_3_font=&#8220;Tajawal|700||on|||||&#8220; header_3_text_color=&#8220;#FFFFFF&#8220; header_3_font_size=&#8220;30px&#8220; background_image=&#8220;https:\/\/beseronline.de\/wp-content\/uploads\/2021\/06\/Line-1.png&#8220; background_size=&#8220;initial&#8220; background_position=&#8220;top_left&#8220; custom_padding=&#8220;|||60px|false|false&#8220; header_3_font_size_tablet=&#8220;24px&#8220; header_3_font_size_phone=&#8220;18px&#8220; header_3_font_size_last_edited=&#8220;on|phone&#8220; global_colors_info=&#8220;{}&#8220; custom_padding__hover=&#8220;|||64px|false|false&#8220; custom_padding__hover_enabled=&#8220;on|hover&#8220;]<\/p>\n<h3><a href=\"#\">Reinigung<\/a><\/h3>\n<p>[\/et_pb_text][\/et_pb_column][et_pb_column type=&#8220;3_5&#8243; _builder_version=&#8220;4.16&#8243; _module_preset=&#8220;default&#8220; global_colors_info=&#8220;{}&#8220;][et_pb_text _builder_version=&#8220;4.16&#8243; _module_preset=&#8220;bc3df28d-7a1e-4346-9b94-aa11c48ce922&#8243; header_4_font=&#8220;Tajawal|700||on|||||&#8220; header_4_text_color=&#8220;#FFFFFF&#8220; header_4_font_size=&#8220;14px&#8220; header_4_letter_spacing=&#8220;2px&#8220; header_4_line_height=&#8220;1.5em&#8220; custom_margin=&#8220;||0px||false|false&#8220; header_4_font_size_tablet=&#8220;13px&#8220; header_4_font_size_phone=&#8220;12px&#8220; header_4_font_size_last_edited=&#8220;on|phone&#8220; global_colors_info=&#8220;{}&#8220;]<\/p>\n<h4>Rufen Sie uns an oder senden Sie uns eine E-Mail<\/h4>\n<p>[\/et_pb_text][et_pb_text _builder_version=&#8220;4.16&#8243; _module_preset=&#8220;default&#8220; text_font=&#8220;Tajawal|700|||||||&#8220; text_text_color=&#8220;#FFFFFF&#8220; text_font_size=&#8220;70px&#8220; text_line_height=&#8220;1.2em&#8220; link_text_color=&#8220;#FE9638&#8243; header_3_text_color=&#8220;#FFFFFF&#8220; text_font_size_tablet=&#8220;50px&#8220; text_font_size_phone=&#8220;30px&#8220; text_font_size_last_edited=&#8220;on|phone&#8220; header_font_size_tablet=&#8220;55px&#8220; header_font_size_phone=&#8220;&#8220; header_font_size_last_edited=&#8220;on|tablet&#8220; locked=&#8220;off&#8220; global_colors_info=&#8220;{%22gcid-87cad038-7afd-4dda-acb0-0a24d4ccd112%22:%91%93,%22gcid-431bd12a-5227-4536-9132-2528c0596703%22:%91%93}&#8220; link_font_size__hover_enabled=&#8220;on|desktop&#8220;]<\/p>\n<p><a href=\"tel:123-456-7890\">(033207)-562898<\/a><\/p>\n<p>[\/et_pb_text][et_pb_button button_url=&#8220;https:\/\/beseronline.de\/home\/kontakt#Kontakt&#8220; button_text=&#8220;E-Mail&#8220; _builder_version=&#8220;4.18.0&#8243; _module_preset=&#8220;65eedb3f-8b82-440e-a536-929c9918b4b7&#8243; button_border_radius=&#8220;7px&#8220; button_icon=&#8220;&#xf2b6;||fa||900&#8243; global_colors_info=&#8220;{}&#8220;][\/et_pb_button][\/et_pb_column][\/et_pb_row][\/et_pb_section]<\/p>\n","protected":false},"excerpt":{"rendered":"<p>WinterdienstWir bieten Ihnen zeitgem\u00e4\u00dfe Winterdienst-Tarife (pauschale oder einsatzgenaue Abrechnung). Sie legen fest, welches Modell zu Ihnen passt.Unser erfahrenes und geschultes Team, unser leistungsstarker Maschinenpark, sowie ein modernes Wetterfr\u00fchwarnsystem mit Unterst\u00fctzung durch den Deutschen Wetterdienst gew\u00e4hrleisten einen Winterdienst, der die geforderten Winterdienstleistungen analog der regional g\u00fcltigen Stra\u00dfenreinigungssatzung und dar\u00fcber hinaus erf\u00fcllt.Im Schadensfall sind sie abgesichert durch [&hellip;]<\/p>\n","protected":false},"author":2,"featured_media":0,"parent":0,"menu_order":0,"comment_status":"closed","ping_status":"closed","template":"","meta":{"_et_pb_use_builder":"on","_et_pb_old_content":"","_et_gb_content_width":"","_expiration-date-status":"","_expiration-date":0,"_expiration-date-type":"","_expiration-date-categories":[],"_expiration-date-options":[]},"yoast_head":"<!-- This site is optimized with the Yoast SEO Premium plugin v20.5 (Yoast SEO v21.8.1) - https:\/\/yoast.com\/wordpress\/plugins\/seo\/ -->\n<title>Winterdienst - BeSer GmbH<\/title>\n<meta name=\"description\" content=\"BeSer GmbH Winterdienst -\" \/>\n<meta name=\"robots\" content=\"index, follow, max-snippet:-1, max-image-preview:large, max-video-preview:-1\" \/>\n<link rel=\"canonical\" href=\"https:\/\/beseronline.de\/home\/winterdienst\/\" \/>\n<meta property=\"og:locale\" content=\"de_DE\" \/>\n<meta property=\"og:type\" content=\"article\" \/>\n<meta property=\"og:title\" content=\"Winterdienst\" \/>\n<meta property=\"og:description\" content=\"BeSer GmbH Winterdienst -\" \/>\n<meta property=\"og:url\" content=\"https:\/\/beseronline.de\/home\/winterdienst\/\" \/>\n<meta property=\"og:site_name\" content=\"BeSer GmbH\" \/>\n<meta property=\"article:modified_time\" content=\"2022-09-30T12:07:46+00:00\" \/>\n<meta name=\"twitter:card\" content=\"summary_large_image\" \/>\n<meta name=\"twitter:label1\" content=\"Gesch\u00e4tzte Lesezeit\" \/>\n\t<meta name=\"twitter:data1\" content=\"3\u00a0Minuten\" \/>\n<script type=\"application\/ld+json\" class=\"yoast-schema-graph\">{\"@context\":\"https:\/\/schema.org\",\"@graph\":[{\"@type\":\"WebPage\",\"@id\":\"https:\/\/beseronline.de\/home\/winterdienst\/\",\"url\":\"https:\/\/beseronline.de\/home\/winterdienst\/\",\"name\":\"Winterdienst - BeSer GmbH\",\"isPartOf\":{\"@id\":\"https:\/\/beseronline.de\/home\/#website\"},\"datePublished\":\"2022-02-17T12:03:37+00:00\",\"dateModified\":\"2022-09-30T12:07:46+00:00\",\"description\":\"BeSer GmbH Winterdienst -\",\"breadcrumb\":{\"@id\":\"https:\/\/beseronline.de\/home\/winterdienst\/#breadcrumb\"},\"inLanguage\":\"de\",\"potentialAction\":[{\"@type\":\"ReadAction\",\"target\":[\"https:\/\/beseronline.de\/home\/winterdienst\/\"]}]},{\"@type\":\"BreadcrumbList\",\"@id\":\"https:\/\/beseronline.de\/home\/winterdienst\/#breadcrumb\",\"itemListElement\":[{\"@type\":\"ListItem\",\"position\":1,\"name\":\"Startseite\",\"item\":\"https:\/\/beseronline.de\/home\/\"},{\"@type\":\"ListItem\",\"position\":2,\"name\":\"Winterdienst\"}]},{\"@type\":\"WebSite\",\"@id\":\"https:\/\/beseronline.de\/home\/#website\",\"url\":\"https:\/\/beseronline.de\/home\/\",\"name\":\"BeSer GmbH\",\"description\":\"Garten- und Landschaftsbau - D\u00fcngerverkauf - Holzhackschnitzel - Baumf\u00e4llung\",\"publisher\":{\"@id\":\"https:\/\/beseronline.de\/home\/#organization\"},\"potentialAction\":[{\"@type\":\"SearchAction\",\"target\":{\"@type\":\"EntryPoint\",\"urlTemplate\":\"https:\/\/beseronline.de\/home\/?s={search_term_string}\"},\"query-input\":\"required name=search_term_string\"}],\"inLanguage\":\"de\"},{\"@type\":\"Organization\",\"@id\":\"https:\/\/beseronline.de\/home\/#organization\",\"name\":\"Beser GmbH\",\"url\":\"https:\/\/beseronline.de\/home\/\",\"logo\":{\"@type\":\"ImageObject\",\"inLanguage\":\"de\",\"@id\":\"https:\/\/beseronline.de\/home\/#\/schema\/logo\/image\/\",\"url\":\"https:\/\/beseronline.de\/wp-content\/uploads\/2021\/08\/cropped-Logo-BeSer_ohne-Dach_zentral.png\",\"contentUrl\":\"https:\/\/beseronline.de\/wp-content\/uploads\/2021\/08\/cropped-Logo-BeSer_ohne-Dach_zentral.png\",\"width\":512,\"height\":512,\"caption\":\"Beser GmbH\"},\"image\":{\"@id\":\"https:\/\/beseronline.de\/home\/#\/schema\/logo\/image\/\"}}]}<\/script>\n<!-- \/ Yoast SEO Premium plugin. -->","yoast_head_json":{"title":"Winterdienst - BeSer GmbH","description":"BeSer GmbH Winterdienst -","robots":{"index":"index","follow":"follow","max-snippet":"max-snippet:-1","max-image-preview":"max-image-preview:large","max-video-preview":"max-video-preview:-1"},"canonical":"https:\/\/beseronline.de\/home\/winterdienst\/","og_locale":"de_DE","og_type":"article","og_title":"Winterdienst","og_description":"BeSer GmbH Winterdienst -","og_url":"https:\/\/beseronline.de\/home\/winterdienst\/","og_site_name":"BeSer GmbH","article_modified_time":"2022-09-30T12:07:46+00:00","twitter_card":"summary_large_image","twitter_misc":{"Gesch\u00e4tzte Lesezeit":"3\u00a0Minuten"},"schema":{"@context":"https:\/\/schema.org","@graph":[{"@type":"WebPage","@id":"https:\/\/beseronline.de\/home\/winterdienst\/","url":"https:\/\/beseronline.de\/home\/winterdienst\/","name":"Winterdienst - BeSer GmbH","isPartOf":{"@id":"https:\/\/beseronline.de\/home\/#website"},"datePublished":"2022-02-17T12:03:37+00:00","dateModified":"2022-09-30T12:07:46+00:00","description":"BeSer GmbH Winterdienst -","breadcrumb":{"@id":"https:\/\/beseronline.de\/home\/winterdienst\/#breadcrumb"},"inLanguage":"de","potentialAction":[{"@type":"ReadAction","target":["https:\/\/beseronline.de\/home\/winterdienst\/"]}]},{"@type":"BreadcrumbList","@id":"https:\/\/beseronline.de\/home\/winterdienst\/#breadcrumb","itemListElement":[{"@type":"ListItem","position":1,"name":"Startseite","item":"https:\/\/beseronline.de\/home\/"},{"@type":"ListItem","position":2,"name":"Winterdienst"}]},{"@type":"WebSite","@id":"https:\/\/beseronline.de\/home\/#website","url":"https:\/\/beseronline.de\/home\/","name":"BeSer GmbH","description":"Garten- und Landschaftsbau - D\u00fcngerverkauf - Holzhackschnitzel - Baumf\u00e4llung","publisher":{"@id":"https:\/\/beseronline.de\/home\/#organization"},"potentialAction":[{"@type":"SearchAction","target":{"@type":"EntryPoint","urlTemplate":"https:\/\/beseronline.de\/home\/?s={search_term_string}"},"query-input":"required name=search_term_string"}],"inLanguage":"de"},{"@type":"Organization","@id":"https:\/\/beseronline.de\/home\/#organization","name":"Beser GmbH","url":"https:\/\/beseronline.de\/home\/","logo":{"@type":"ImageObject","inLanguage":"de","@id":"https:\/\/beseronline.de\/home\/#\/schema\/logo\/image\/","url":"https:\/\/beseronline.de\/wp-content\/uploads\/2021\/08\/cropped-Logo-BeSer_ohne-Dach_zentral.png","contentUrl":"https:\/\/beseronline.de\/wp-content\/uploads\/2021\/08\/cropped-Logo-BeSer_ohne-Dach_zentral.png","width":512,"height":512,"caption":"Beser GmbH"},"image":{"@id":"https:\/\/beseronline.de\/home\/#\/schema\/logo\/image\/"}}]}},"_links":{"self":[{"href":"https:\/\/beseronline.de\/home\/wp-json\/wp\/v2\/pages\/2004"}],"collection":[{"href":"https:\/\/beseronline.de\/home\/wp-json\/wp\/v2\/pages"}],"about":[{"href":"https:\/\/beseronline.de\/home\/wp-json\/wp\/v2\/types\/page"}],"author":[{"embeddable":true,"href":"https:\/\/beseronline.de\/home\/wp-json\/wp\/v2\/users\/2"}],"replies":[{"embeddable":true,"href":"https:\/\/beseronline.de\/home\/wp-json\/wp\/v2\/comments?post=2004"}],"version-history":[{"count":17,"href":"https:\/\/beseronline.de\/home\/wp-json\/wp\/v2\/pages\/2004\/revisions"}],"predecessor-version":[{"id":2786,"href":"https:\/\/beseronline.de\/home\/wp-json\/wp\/v2\/pages\/2004\/revisions\/2786"}],"wp:attachment":[{"href":"https:\/\/beseronline.de\/home\/wp-json\/wp\/v2\/media?parent=2004"}],"curies":[{"name":"wp","href":"https:\/\/api.w.org\/{rel}","templated":true}]}}