{"id":341,"date":"2020-03-02T13:16:15","date_gmt":"2020-03-02T12:16:15","guid":{"rendered":"https:\/\/beseronline.de\/home\/?page_id=341"},"modified":"2021-06-18T11:17:42","modified_gmt":"2021-06-18T10:17:42","slug":"presse","status":"publish","type":"page","link":"https:\/\/beseronline.de\/home\/presse\/","title":{"rendered":"Presse"},"content":{"rendered":"<p>[et_pb_section fb_built=&#8220;1&#8243; admin_label=&#8220;Header&#8220; _builder_version=&#8220;4.9.4&#8243; _module_preset=&#8220;default&#8220; use_background_color_gradient=&#8220;on&#8220; background_color_gradient_start=&#8220;rgba(0,0,0,0.71)&#8220; background_color_gradient_end=&#8220;rgba(0,0,0,0)&#8220; background_color_gradient_overlays_image=&#8220;on&#8220; background_image=&#8220;https:\/\/beseronline.de\/wp-content\/uploads\/2021\/06\/landscape-maintenance-47.jpg&#8220; custom_padding=&#8220;8vw||0vw||false|false&#8220;][et_pb_row _builder_version=&#8220;4.9.4&#8243; _module_preset=&#8220;default&#8220;][et_pb_column type=&#8220;4_4&#8243; _builder_version=&#8220;4.9.4&#8243; _module_preset=&#8220;default&#8220;][\/et_pb_column][\/et_pb_row][et_pb_row column_structure=&#8220;1_3,2_3&#8243; use_custom_gutter=&#8220;on&#8220; gutter_width=&#8220;1&#8243; _builder_version=&#8220;4.9.7&#8243; _module_preset=&#8220;default&#8220; custom_padding=&#8220;0px||0px||true|&#8220; hover_enabled=&#8220;0&#8243; sticky_enabled=&#8220;0&#8243;][et_pb_column type=&#8220;1_3&#8243; _builder_version=&#8220;4.9.4&#8243; _module_preset=&#8220;default&#8220;][\/et_pb_column][et_pb_column type=&#8220;2_3&#8243; _builder_version=&#8220;4.9.7&#8243; _module_preset=&#8220;default&#8220; background_color=&#8220;#fe9638&#8243; custom_padding=&#8220;30px|30px|30px|30px|true|true&#8220; custom_padding_tablet=&#8220;&#8220; custom_padding_phone=&#8220;20px|20px|20px|20px|true|true&#8220; custom_padding_last_edited=&#8220;on|phone&#8220; hover_enabled=&#8220;0&#8243; sticky_enabled=&#8220;0&#8243;][et_pb_text _builder_version=&#8220;4.9.7&#8243; _module_preset=&#8220;bc3df28d-7a1e-4346-9b94-aa11c48ce922&#8243; header_4_font=&#8220;Tajawal|700||on|||||&#8220; header_4_text_color=&#8220;#71B100&#8243; header_4_font_size=&#8220;14px&#8220; header_4_letter_spacing=&#8220;2px&#8220; header_4_line_height=&#8220;1.5em&#8220; custom_margin=&#8220;||0px||false|false&#8220; hover_enabled=&#8220;0&#8243; header_4_font_size_tablet=&#8220;13px&#8220; header_4_font_size_phone=&#8220;12px&#8220; header_4_font_size_last_edited=&#8220;on|phone&#8220; locked=&#8220;off&#8220; global_colors_info=&#8220;{}&#8220; sticky_enabled=&#8220;0&#8243;]BeSer Gmbh[\/et_pb_text][et_pb_text _builder_version=&#8220;4.9.7&#8243; _module_preset=&#8220;default&#8220; text_font=&#8220;Tajawal|700|||||||&#8220; text_text_color=&#8220;#000000&#8243; text_font_size=&#8220;60px&#8220; text_line_height=&#8220;1.2em&#8220; link_text_color=&#8220;#244435&#8243; header_3_text_color=&#8220;#FFFFFF&#8220; hover_enabled=&#8220;0&#8243; text_font_size_tablet=&#8220;8vw&#8220; text_font_size_phone=&#8220;&#8220; text_font_size_last_edited=&#8220;on|tablet&#8220; header_font_size_tablet=&#8220;55px&#8220; header_font_size_phone=&#8220;&#8220; header_font_size_last_edited=&#8220;on|tablet&#8220; locked=&#8220;off&#8220; global_colors_info=&#8220;{%22gcid-87cad038-7afd-4dda-acb0-0a24d4ccd112%22:%91%93,%22gcid-431bd12a-5227-4536-9132-2528c0596703%22:%91%93,%22gcid-87ce0c3f-2a7b-40dd-8a42-4148be75d651%22:%91%93}&#8220; sticky_enabled=&#8220;0&#8243;]Presse[\/et_pb_text][\/et_pb_column][\/et_pb_row][\/et_pb_section][et_pb_section fb_built=&#8220;1&#8243; admin_label=&#8220;Services&#8220; _builder_version=&#8220;4.9.4&#8243; _module_preset=&#8220;default&#8220; background_color=&#8220;#f3f7f0&#8243; background_enable_image=&#8220;off&#8220; background_position=&#8220;top_center&#8220; locked=&#8220;off&#8220;][et_pb_row _builder_version=&#8220;4.9.4&#8243; _module_preset=&#8220;default&#8220; custom_padding=&#8220;0px||||false|false&#8220;][et_pb_column type=&#8220;4_4&#8243; _builder_version=&#8220;4.9.4&#8243; _module_preset=&#8220;default&#8220;][et_pb_button button_url=&#8220;https:\/\/beseronline.de\/wp-content\/uploads\/2020\/03\/20200302_Artikel-aus-Forstmaschinenprofi_FMP-2020-03-Seite-08-10.pdf&#8220; url_new_window=&#8220;on&#8220; button_text=&#8220;M\u00e4rz 2020 &#8211; Artikel &#8211; Forstmaschinen Profi&#8220; _builder_version=&#8220;4.3.3&#8243;][\/et_pb_button][\/et_pb_column][\/et_pb_row][\/et_pb_section][et_pb_section fb_built=&#8220;1&#8243; admin_label=&#8220;Call to Action&#8220; _builder_version=&#8220;4.9.4&#8243; _module_preset=&#8220;default&#8220; background_color=&#8220;#f3f7f0&#8243; background_image=&#8220;https:\/\/beseronline.de\/wp-content\/uploads\/2021\/06\/landscape-maintenance-37-1.png&#8220; background_size=&#8220;contain&#8220; background_position=&#8220;bottom_center&#8220; z_index=&#8220;1&#8243; custom_padding=&#8220;||||false|false&#8220;][\/et_pb_section][et_pb_section fb_built=&#8220;1&#8243; admin_label=&#8220;Footer&#8220; _builder_version=&#8220;4.9.4&#8243; _module_preset=&#8220;default&#8220; background_color=&#8220;#f3f7f0&#8243; use_background_color_gradient=&#8220;on&#8220; background_color_gradient_start=&#8220;#244435&#8243; background_color_gradient_end=&#8220;rgba(36,68,53,0.44)&#8220; background_color_gradient_overlays_image=&#8220;on&#8220; background_image=&#8220;https:\/\/beseronline.de\/wp-content\/uploads\/2021\/06\/landscape-maintenance-38.jpg&#8220; background_repeat=&#8220;repeat&#8220; custom_margin=&#8220;||||false|false&#8220; global_module=&#8220;1600&#8243; saved_tabs=&#8220;all&#8220;][et_pb_row column_structure=&#8220;2_5,3_5&#8243; _builder_version=&#8220;4.9.7&#8243; _module_preset=&#8220;default&#8220; custom_padding=&#8220;5vw||||false|false&#8220;][et_pb_column type=&#8220;2_5&#8243; _builder_version=&#8220;4.9.4&#8243; _module_preset=&#8220;default&#8220;][et_pb_text _builder_version=&#8220;4.9.7&#8243; _module_preset=&#8220;9471635f-4d55-44f4-9c8c-d8b240ab9aca&#8220; header_font=&#8220;||||||||&#8220; header_3_font=&#8220;Tajawal|700||on|||||&#8220; header_3_text_color=&#8220;#FFFFFF&#8220; header_3_font_size=&#8220;30px&#8220; background_image=&#8220;https:\/\/beseronline.de\/wp-content\/uploads\/2021\/06\/Line-1-1.png&#8220; background_size=&#8220;initial&#8220; background_position=&#8220;top_left&#8220; custom_padding=&#8220;|||60px|false|false&#8220; header_3_font_size_tablet=&#8220;24px&#8220; header_3_font_size_phone=&#8220;18px&#8220; header_3_font_size_last_edited=&#8220;on|phone&#8220; custom_padding__hover_enabled=&#8220;on|hover&#8220; custom_padding__hover=&#8220;|||64px|false|false&#8220;]<\/p>\n<h3><a href=\"#\">Rasenpflege<\/a><\/h3>\n<p>[\/et_pb_text][et_pb_text _builder_version=&#8220;4.9.7&#8243; _module_preset=&#8220;9471635f-4d55-44f4-9c8c-d8b240ab9aca&#8220; header_font=&#8220;||||||||&#8220; header_3_font=&#8220;Tajawal|700||on|||||&#8220; header_3_text_color=&#8220;#FFFFFF&#8220; header_3_font_size=&#8220;30px&#8220; background_image=&#8220;https:\/\/beseronline.de\/wp-content\/uploads\/2021\/06\/Line-1-1.png&#8220; background_size=&#8220;initial&#8220; background_position=&#8220;top_left&#8220; custom_padding=&#8220;|||60px|false|false&#8220; header_3_font_size_tablet=&#8220;24px&#8220; header_3_font_size_phone=&#8220;18px&#8220; header_3_font_size_last_edited=&#8220;on|phone&#8220; custom_padding__hover=&#8220;|||64px|false|false&#8220; custom_padding__hover_enabled=&#8220;on|desktop&#8220;]<\/p>\n<h3><a href=\"#\">Unkrautbek\u00e4mpfung<\/a><\/h3>\n<p>[\/et_pb_text][et_pb_text _builder_version=&#8220;4.9.7&#8243; _module_preset=&#8220;9471635f-4d55-44f4-9c8c-d8b240ab9aca&#8220; header_font=&#8220;||||||||&#8220; header_3_font=&#8220;Tajawal|700||on|||||&#8220; header_3_text_color=&#8220;#FFFFFF&#8220; header_3_font_size=&#8220;30px&#8220; background_image=&#8220;https:\/\/beseronline.de\/wp-content\/uploads\/2021\/06\/Line-1-1.png&#8220; background_size=&#8220;initial&#8220; background_position=&#8220;top_left&#8220; custom_padding=&#8220;|||60px|false|false&#8220; header_3_font_size_tablet=&#8220;24px&#8220; header_3_font_size_phone=&#8220;18px&#8220; header_3_font_size_last_edited=&#8220;on|phone&#8220; custom_padding__hover=&#8220;|||64px|false|false&#8220; custom_padding__hover_enabled=&#8220;on|hover&#8220;]<\/p>\n<h3><a href=\"#\">Reinigung<\/a><\/h3>\n<p>[\/et_pb_text][et_pb_button button_url=&#8220;https:\/\/beseronline.de\/home\/leistungen#Leistungen&#8220; button_text=&#8220;Alle Leistungen&#8220; _builder_version=&#8220;4.9.7&#8243; _module_preset=&#8220;a8b2ad40-45d8-43e3-8f9a-d0920bb075e9&#8243; custom_button=&#8220;on&#8220; button_text_size=&#8220;12px&#8220; button_text_color=&#8220;#FFFFFF&#8220; button_bg_color=&#8220;#fe9638&#8243; button_border_width=&#8220;0px&#8220; button_border_radius=&#8220;0px&#8220; button_letter_spacing=&#8220;3px&#8220; button_font=&#8220;Tajawal|700||on|||||&#8220; custom_padding=&#8220;15px|30px|15px|30px|true|true&#8220; box_shadow_style=&#8220;preset3&#8243; box_shadow_vertical=&#8220;33px&#8220; box_shadow_blur=&#8220;40px&#8220; box_shadow_spread=&#8220;-10px&#8220; box_shadow_color=&#8220;rgba(0,0,0,0.2)&#8220; locked=&#8220;off&#8220;][\/et_pb_button][\/et_pb_column][et_pb_column type=&#8220;3_5&#8243; _builder_version=&#8220;4.9.4&#8243; _module_preset=&#8220;default&#8220;][et_pb_text _builder_version=&#8220;4.9.7&#8243; _module_preset=&#8220;bc3df28d-7a1e-4346-9b94-aa11c48ce922&#8243; header_4_font=&#8220;Tajawal|700||on|||||&#8220; header_4_text_color=&#8220;#FFFFFF&#8220; header_4_font_size=&#8220;14px&#8220; header_4_letter_spacing=&#8220;2px&#8220; header_4_line_height=&#8220;1.5em&#8220; custom_margin=&#8220;||0px||false|false&#8220; header_4_font_size_tablet=&#8220;13px&#8220; header_4_font_size_phone=&#8220;12px&#8220; header_4_font_size_last_edited=&#8220;on|phone&#8220;]<\/p>\n<h4>Rufen Sie uns an oder senden Sie uns eine E-Mail<\/h4>\n<p>[\/et_pb_text][et_pb_text _builder_version=&#8220;4.9.7&#8243; _module_preset=&#8220;default&#8220; text_font=&#8220;Tajawal|700|||||||&#8220; text_text_color=&#8220;#FFFFFF&#8220; text_font_size=&#8220;70px&#8220; text_line_height=&#8220;1.2em&#8220; link_text_color=&#8220;#FE9638&#8243; header_3_text_color=&#8220;#FFFFFF&#8220; text_font_size_tablet=&#8220;50px&#8220; text_font_size_phone=&#8220;30px&#8220; text_font_size_last_edited=&#8220;on|phone&#8220; header_font_size_tablet=&#8220;55px&#8220; header_font_size_phone=&#8220;&#8220; header_font_size_last_edited=&#8220;on|tablet&#8220; locked=&#8220;off&#8220; global_colors_info=&#8220;{%22gcid-87cad038-7afd-4dda-acb0-0a24d4ccd112%22:%91%93,%22gcid-431bd12a-5227-4536-9132-2528c0596703%22:%91%93}&#8220; link_font_size__hover_enabled=&#8220;on|desktop&#8220;]<\/p>\n<p><a href=\"tel:123-456-7890\">(033207)-562898<\/a><\/p>\n<p>[\/et_pb_text][et_pb_button button_text=&#8220;E-Mail&#8220; _builder_version=&#8220;4.9.6&#8243; _module_preset=&#8220;65eedb3f-8b82-440e-a536-929c9918b4b7&#8243;][\/et_pb_button][et_pb_text _builder_version=&#8220;4.9.7&#8243; _module_preset=&#8220;default&#8220;]<\/p>\n<p>Sie haben Fragen zum Thema D\u00fcngung, Gartenbau, Gartenbew\u00e4sserung oder Gartengestaltung.<br \/>\nWir beraten, planen und entwerfen gern mit Ihnen zusammen.<\/p>\n<p>[\/et_pb_text][\/et_pb_column][\/et_pb_row][\/et_pb_section]<\/p>\n","protected":false},"excerpt":{"rendered":"<p>BeSer GmbhPresseRasenpflegeUnkrautbek\u00e4mpfungReinigungRufen Sie uns an oder senden Sie uns eine E-Mail(033207)-562898Sie haben Fragen zum Thema D\u00fcngung, Gartenbau, Gartenbew\u00e4sserung oder Gartengestaltung. Wir beraten, planen und entwerfen gern mit Ihnen zusammen.<\/p>\n","protected":false},"author":2,"featured_media":0,"parent":0,"menu_order":0,"comment_status":"closed","ping_status":"closed","template":"","meta":{"_et_pb_use_builder":"on","_et_pb_old_content":"","_et_gb_content_width":"","_expiration-date-status":"","_expiration-date":0,"_expiration-date-type":"","_expiration-date-categories":[],"_expiration-date-options":[]},"yoast_head":"<!-- This site is optimized with the Yoast SEO Premium plugin v20.5 (Yoast SEO v21.8.1) - https:\/\/yoast.com\/wordpress\/plugins\/seo\/ -->\n<title>Presse - BeSer GmbH<\/title>\n<meta name=\"description\" content=\"BeSer GmbH Presse -\" \/>\n<meta name=\"robots\" content=\"index, follow, max-snippet:-1, max-image-preview:large, max-video-preview:-1\" \/>\n<link rel=\"canonical\" href=\"https:\/\/beseronline.de\/home\/presse\/\" \/>\n<meta property=\"og:locale\" content=\"de_DE\" \/>\n<meta property=\"og:type\" content=\"article\" \/>\n<meta property=\"og:title\" content=\"Presse\" \/>\n<meta property=\"og:description\" content=\"BeSer GmbH Presse -\" \/>\n<meta property=\"og:url\" content=\"https:\/\/beseronline.de\/home\/presse\/\" \/>\n<meta property=\"og:site_name\" content=\"BeSer GmbH\" \/>\n<meta property=\"article:modified_time\" content=\"2021-06-18T10:17:42+00:00\" \/>\n<meta name=\"twitter:card\" content=\"summary_large_image\" \/>\n<meta name=\"twitter:label1\" content=\"Gesch\u00e4tzte Lesezeit\" \/>\n\t<meta name=\"twitter:data1\" content=\"6\u00a0Minuten\" \/>\n<script type=\"application\/ld+json\" class=\"yoast-schema-graph\">{\"@context\":\"https:\/\/schema.org\",\"@graph\":[{\"@type\":\"WebPage\",\"@id\":\"https:\/\/beseronline.de\/home\/presse\/\",\"url\":\"https:\/\/beseronline.de\/home\/presse\/\",\"name\":\"Presse - BeSer GmbH\",\"isPartOf\":{\"@id\":\"https:\/\/beseronline.de\/home\/#website\"},\"datePublished\":\"2020-03-02T12:16:15+00:00\",\"dateModified\":\"2021-06-18T10:17:42+00:00\",\"description\":\"BeSer GmbH Presse -\",\"breadcrumb\":{\"@id\":\"https:\/\/beseronline.de\/home\/presse\/#breadcrumb\"},\"inLanguage\":\"de\",\"potentialAction\":[{\"@type\":\"ReadAction\",\"target\":[\"https:\/\/beseronline.de\/home\/presse\/\"]}]},{\"@type\":\"BreadcrumbList\",\"@id\":\"https:\/\/beseronline.de\/home\/presse\/#breadcrumb\",\"itemListElement\":[{\"@type\":\"ListItem\",\"position\":1,\"name\":\"Startseite\",\"item\":\"https:\/\/beseronline.de\/home\/\"},{\"@type\":\"ListItem\",\"position\":2,\"name\":\"Presse\"}]},{\"@type\":\"WebSite\",\"@id\":\"https:\/\/beseronline.de\/home\/#website\",\"url\":\"https:\/\/beseronline.de\/home\/\",\"name\":\"BeSer GmbH\",\"description\":\"Garten- und Landschaftsbau - D\u00fcngerverkauf - Holzhackschnitzel - Baumf\u00e4llung\",\"publisher\":{\"@id\":\"https:\/\/beseronline.de\/home\/#organization\"},\"potentialAction\":[{\"@type\":\"SearchAction\",\"target\":{\"@type\":\"EntryPoint\",\"urlTemplate\":\"https:\/\/beseronline.de\/home\/?s={search_term_string}\"},\"query-input\":\"required name=search_term_string\"}],\"inLanguage\":\"de\"},{\"@type\":\"Organization\",\"@id\":\"https:\/\/beseronline.de\/home\/#organization\",\"name\":\"Beser GmbH\",\"url\":\"https:\/\/beseronline.de\/home\/\",\"logo\":{\"@type\":\"ImageObject\",\"inLanguage\":\"de\",\"@id\":\"https:\/\/beseronline.de\/home\/#\/schema\/logo\/image\/\",\"url\":\"https:\/\/beseronline.de\/wp-content\/uploads\/2021\/08\/cropped-Logo-BeSer_ohne-Dach_zentral.png\",\"contentUrl\":\"https:\/\/beseronline.de\/wp-content\/uploads\/2021\/08\/cropped-Logo-BeSer_ohne-Dach_zentral.png\",\"width\":512,\"height\":512,\"caption\":\"Beser GmbH\"},\"image\":{\"@id\":\"https:\/\/beseronline.de\/home\/#\/schema\/logo\/image\/\"}}]}<\/script>\n<!-- \/ Yoast SEO Premium plugin. -->","yoast_head_json":{"title":"Presse - BeSer GmbH","description":"BeSer GmbH Presse -","robots":{"index":"index","follow":"follow","max-snippet":"max-snippet:-1","max-image-preview":"max-image-preview:large","max-video-preview":"max-video-preview:-1"},"canonical":"https:\/\/beseronline.de\/home\/presse\/","og_locale":"de_DE","og_type":"article","og_title":"Presse","og_description":"BeSer GmbH Presse -","og_url":"https:\/\/beseronline.de\/home\/presse\/","og_site_name":"BeSer GmbH","article_modified_time":"2021-06-18T10:17:42+00:00","twitter_card":"summary_large_image","twitter_misc":{"Gesch\u00e4tzte Lesezeit":"6\u00a0Minuten"},"schema":{"@context":"https:\/\/schema.org","@graph":[{"@type":"WebPage","@id":"https:\/\/beseronline.de\/home\/presse\/","url":"https:\/\/beseronline.de\/home\/presse\/","name":"Presse - BeSer GmbH","isPartOf":{"@id":"https:\/\/beseronline.de\/home\/#website"},"datePublished":"2020-03-02T12:16:15+00:00","dateModified":"2021-06-18T10:17:42+00:00","description":"BeSer GmbH Presse -","breadcrumb":{"@id":"https:\/\/beseronline.de\/home\/presse\/#breadcrumb"},"inLanguage":"de","potentialAction":[{"@type":"ReadAction","target":["https:\/\/beseronline.de\/home\/presse\/"]}]},{"@type":"BreadcrumbList","@id":"https:\/\/beseronline.de\/home\/presse\/#breadcrumb","itemListElement":[{"@type":"ListItem","position":1,"name":"Startseite","item":"https:\/\/beseronline.de\/home\/"},{"@type":"ListItem","position":2,"name":"Presse"}]},{"@type":"WebSite","@id":"https:\/\/beseronline.de\/home\/#website","url":"https:\/\/beseronline.de\/home\/","name":"BeSer GmbH","description":"Garten- und Landschaftsbau - D\u00fcngerverkauf - Holzhackschnitzel - Baumf\u00e4llung","publisher":{"@id":"https:\/\/beseronline.de\/home\/#organization"},"potentialAction":[{"@type":"SearchAction","target":{"@type":"EntryPoint","urlTemplate":"https:\/\/beseronline.de\/home\/?s={search_term_string}"},"query-input":"required name=search_term_string"}],"inLanguage":"de"},{"@type":"Organization","@id":"https:\/\/beseronline.de\/home\/#organization","name":"Beser GmbH","url":"https:\/\/beseronline.de\/home\/","logo":{"@type":"ImageObject","inLanguage":"de","@id":"https:\/\/beseronline.de\/home\/#\/schema\/logo\/image\/","url":"https:\/\/beseronline.de\/wp-content\/uploads\/2021\/08\/cropped-Logo-BeSer_ohne-Dach_zentral.png","contentUrl":"https:\/\/beseronline.de\/wp-content\/uploads\/2021\/08\/cropped-Logo-BeSer_ohne-Dach_zentral.png","width":512,"height":512,"caption":"Beser GmbH"},"image":{"@id":"https:\/\/beseronline.de\/home\/#\/schema\/logo\/image\/"}}]}},"_links":{"self":[{"href":"https:\/\/beseronline.de\/home\/wp-json\/wp\/v2\/pages\/341"}],"collection":[{"href":"https:\/\/beseronline.de\/home\/wp-json\/wp\/v2\/pages"}],"about":[{"href":"https:\/\/beseronline.de\/home\/wp-json\/wp\/v2\/types\/page"}],"author":[{"embeddable":true,"href":"https:\/\/beseronline.de\/home\/wp-json\/wp\/v2\/users\/2"}],"replies":[{"embeddable":true,"href":"https:\/\/beseronline.de\/home\/wp-json\/wp\/v2\/comments?post=341"}],"version-history":[{"count":11,"href":"https:\/\/beseronline.de\/home\/wp-json\/wp\/v2\/pages\/341\/revisions"}],"predecessor-version":[{"id":1617,"href":"https:\/\/beseronline.de\/home\/wp-json\/wp\/v2\/pages\/341\/revisions\/1617"}],"wp:attachment":[{"href":"https:\/\/beseronline.de\/home\/wp-json\/wp\/v2\/media?parent=341"}],"curies":[{"name":"wp","href":"https:\/\/api.w.org\/{rel}","templated":true}]}}